 hundreds digit of 2640?
6
What is the thousands digit of 2710?
2
What is the thousands digit of 6906?
6
What is the hundreds digit of 6032?
0
What is the units digit of 177696?
6
What is the units digit of 3680?
0
What is the hundreds digit of 1024?
0
What is the tens digit of 11244?
4
What is the hundreds digit of 137909?
9
What is the thousands digit of 10130?
0
What is the units digit of 6632?
2
What is the hundreds digit of 5280?
2
What is the tens digit of 4853?
5
What is the tens digit of 881?
8
What is the tens digit of 1372?
7
What is the tens digit of 13193?
9
What is the hundreds digit of 468?
4
What is the ten thousands digit of 12199?
1
What is the hundreds digit of 100?
1
What is the tens digit of 2122?
2
What is the units digit of 1080?
0
What is the units digit of 18546?
6
What is the thousands digit of 2153?
2
What is the thousands digit of 85998?
5
What is the tens digit of 6355?
5
What is the tens digit of 1978?
7
What is the thousands digit of 1098?
1
What is the units digit of 8370?
0
What is the ten thousands digit of 11346?
1
What is the hundreds digit of 3674?
6
What is the units digit of 219?
9
What is the hundreds digit of 10500?
5
What is the tens digit of 3337?
3
What is the tens digit of 2099?
9
What is the tens digit of 9480?
8
What is the thousands digit of 75283?
5
What is the tens digit of 758?
5
What is the units digit of 17156?
6
What is the units digit of 38411?
1
What is the units digit of 221?
1
What is the tens digit of 25496?
9
What is the tens digit of 50053?
5
What is the hundreds digit of 1080?
0
What is the ten thousands digit of 26137?
2
What is the hundreds digit of 11957?
9
What is the units digit of 294?
4
What is the units digit of 3092?
2
What is the thousands digit of 9515?
9
What is the thousands digit of 11600?
1
What is the hundreds digit of 3344?
3
What is the units digit of 17126?
6
What is the hundreds digit of 2157?
1
What is the hundreds digit of 451?
4
What is the tens digit of 2156?
5
What is the units digit of 19080?
0
What is the ten thousands digit of 32480?
3
What is the hundreds digit of 938?
9
What is the tens digit of 1377?
7
What is the units digit of 1964?
4
What is the tens digit of 1531?
3
What is the tens digit of 5621?
2
What is the tens digit of 5748?
4
What is the tens digit of 3091?
9
What is the hundreds digit of 3857?
8
What is the tens digit of 85061?
6
What is the hundreds digit of 21690?
6
What is the ten thousands digit of 75303?
7
What is the units digit of 20344?
4
What is the thousands digit of 3845?
3
What is the thousands digit of 63295?
3
What is the tens digit of 12895?
9
What is the ten thousands digit of 102478?
0
What is the hundred thousands digit of 125695?
1
What is the hundreds digit of 18272?
2
What is the ten thousands digit of 16694?
1
What is the tens digit of 5671?
7
What is the tens digit of 257?
5
What is the hundreds digit of 2257?
2
What is the hundreds digit of 4453?
4
What is the units digit of 1570?
0
What is the hundreds digit of 1491?
4
What is the units digit of 33050?
0
What is the hundreds digit of 25666?
6
What is the tens digit of 238?
3
What is the hundreds digit of 1303?
3
What is the hundreds digit of 834?
8
What is the ten thousands digit of 12585?
1
What is the units digit of 27031?
1
What is the units digit of 517?
7
What is the ten thousands digit of 11288?
1
What is the tens digit of 3886?
8
What is the ten thousands digit of 71191?
7
What is the ten thousands digit of 15476?
1
What is the tens digit of 52950?
5
What is the hundreds digit of 9210?
2
What is the thousands digit of 27431?
7
What is the thousands digit of 24943?
4
What is the tens digit of 14366?
6
What is the tens digit of 406?
0
What is the tens digit of 118?
1
What is the thousands digit of 1573?
1
What is the units digit of 5224?
4
What is the units digit of 1029?
9
What is the tens digit of 713?
1
What is the tens digit of 3432?
3
What is the ten thousands digit of 11098?
1
What is the hundreds digit of 91627?
6
What is the hundreds digit of 74848?
8
What is the units digit of 39446?
6
What is the thousands digit of 7335?
7
What is the units digit of 2763?
3
What is the hundreds digit of 3292?
2
What is the tens digit of 647?
4
What is the tens digit of 7854?
5
What is the units digit of 4716?
6
What is the hundreds digit of 8243?
2
What is the hundreds digit of 1485?
4
What is the hundreds digit of 977?
9
What is the hundreds digit of 22110?
1
What is the units digit of 22?
2
What is the tens digit of 2076?
7
What is the thousands digit of 5283?
5
What is the units digit of 803?
3
What is the tens digit of 102210?
1
What is the hundreds digit of 915?
9
What is the ten thousands digit of 11048?
1
What is the thousands digit of 21386?
1
What is the thousands digit of 18349?
8
What is the hundreds digit of 5026?
0
What is the units digit of 108?
8
What is the hundreds digit of 4075?
0
What is the hundreds digit of 3396?
3
What is the tens digit of 414?
1
What is the hundreds digit of 1390?
3
What is the hundreds digit of 1115?
1
What is the units digit of 2202?
2
What is the hundreds digit of 44372?
3
What is the hundreds digit of 1557?
5
What is the tens digit of 28921?
2
What is the tens digit of 2225?
2
What is the units digit of 3969?
9
What is the units digit of 18731?
1
What is the units digit of 19198?
8
What is the ten thousands digit of 63866?
6
What is the tens digit of 195?
9
What is the tens digit of 22?
2
What is the units digit of 35396?
6
What is the units digit of 1257?
7
What is the hundreds digit of 3899?
8
What is the tens digit of 12361?
6
What is the thousands digit of 8368?
8
What is the hundreds digit of 6287?
2
What is the hundreds digit of 5750?
7
What is the hundreds digit of 1594?
5
What is the units digit of 468?
8
What is the units digit of 1314?
4
What is the tens digit of 4854?
5
What is the tens digit of 5016?
1
What is the thousands digit of 2014?
2
What is the ten thousands digit of 11063?
1
What is the thousands digit of 16596?
6
What is the units digit of 51?
1
What is the units digit of 1016?
6
What is the units digit of 722?
2
What is the hundreds digit of 775?
7
What is the ten thousands digit of 17688?
1
What is the thousands digit of 73600?
3
What is the tens digit of 4900?
0
What is the thousands digit of 5999?
5
What is the thousands digit of 43006?
3
What is the tens digit of 41?
4
What is the thousands digit of 10738?
0
What is the units digit of 17297?
7
What is the hundreds digit of 12659?
6
What is the hundred thousands digit of 181518?
1
What is the tens digit of 80264?
6
What is the thousands digit of 6898?
6
What is the units digit of 949?
9
What is the hundreds digit of 505?
5
What is the hundreds digit of 59770?
7
What is the units digit of 6101?
1
What is the tens digit of 1178?
7
What is the hundreds digit of 13045?
0
What is the units digit of 66634?
4
What is the tens digit of 511?
1
What is the thousands digit of 6654?
6
What is the thousands digit of 1474?
1
What is the tens digit of 2339?
3
What is the hundreds digit of 9200?
2
What is the ten thousands digit of 48045?
4
What is the thousands digit of 4613?
4
What is the ten thousands digit of 161097?
6
What is the hundreds digit of 4178?
1
What is the hundreds digit of 3470?
4
What is the ten thousands digit of 16438?
1
What is the units digit of 756?
6
What is the tens digit of 44796?
9
What is the hundreds digit of 365?
3
What is the hundreds digit of 122073?
0
What is the tens digit of 2699?
9
What is the ten thousands digit of 10499?
1
What is the thousands digit of 12439?
2
What is the hundreds digit of 446?
4
What is the thousands digit of 1636?
1
What is the tens digit of 13972?
7
What is the hundreds digit of 2689?
6
What is the ten thousands digit of 49795?
4
What is the thousands digit of 101101?
1
What is the hundreds digit of 1923?
9
What is the units digit of 409?
9
What is the tens digit of 3207?
0
What is the tens digit of 311?
1
What is the thousands digit of 16838?
6
What is the hundreds digit of 958?
9
What is the tens digit of 44564?
6
What is the thousands digit of 5341?
5
What is the hundreds digit of 6882?
8
What is the hundreds digit of 303?
3
What is the tens digit of 9447?
4
What is the tens digit of 4385?
8
What is